. What are the prime factors of i(-4)?
2
Suppose -8*a + 2543 = 807. What are the prime factors of a?
7, 31
Suppose 189 = 4*s - 107. List the prime factors of s.
2, 37
Suppose z = 3*c - 31, 4*c = -4*z + 2*c - 138. Let o = z - -51. What are the prime factors of o?
17
Let y(x) = x**2 - 15*x + 8. What are the prime factors of y(16)?
2, 3
List the prime factors of ((-15)/(-5))/((-6)/(-146)).
73
What are the prime factors of 1/(2/(-2 - -64))?
31
Let p = -385 - -540. List the prime factors of p.
5, 31
Suppose 2*f + 5 = 3*q, 0 = 2*q - 2 - 0. Let y(u) be the second derivative of -8*u**3/3 + 7*u. List the prime factors of y(f).
2
Suppose 4*y = 5*y - 2. List the prime factors of (5 - -1 - -3) + y.
11
Let v be (4/5)/(2/15). Let w(j) = 4*j - 5. What are the prime factors of w(v)?
19
What are the prime factors of 12/(-2*(-2)/8)?
2, 3
Let g be (-3 - 12/(-3)) + 11. Let r = g + -7. Suppose -57 = -r*l + 3*u - 2*u, 5*l = 2*u + 59. What are the prime factors of l?
11
Let h be (-1)/(-3 - (-93)/30). Let k = h + 19. What are the prime factors of k?
3
Suppose -26 = -5*g - 1. Let f be 1/((-4)/(-16)) + 30. Suppose -4*i = -4*d + 4, f + 11 = g*d + 5*i. What are the prime factors of d?
5
Suppose 2*d - 1 = 3. Let z(l) = -d*l + 4*l - 15 + 6. What are the prime factors of z(7)?
5
Suppose 5*q = 2*m - 7*m + 195, -q + 31 = -m. Let c = 57 - q. List the prime factors of c.
2, 11
Let k be 2*(-9)/2 - 0. Let d = k + 13. List the prime factors of d.
2
Let h(v) = -3*v - 3. Let y be h(-3). Let z = y + -2. Suppose z*m = 5*f - 30, 3*f = 4*m - 1 + 19. What are the prime factors of f?
2, 3
Let v(i) = 55*i + 2. What are the prime factors of v(1)?
3, 19
Suppose -r + 4*r = 21. Suppose -6*f + 157 = r. What are the prime factors of f?
5
Suppose -5*w = -6 - 4. Let n(r) = r**2 + 3. Let t be n(0). Suppose -t*i + w*i + u = -14, 3*i = -2*u + 32. What are the prime factors of i?
2, 3
Let j(o) = -o + 3. Let x be j(-4). Let g(l) = 2*l - 9. What are the prime factors of g(x)?
5
Suppose 5*c - 21 = 2*c. Let s = c + -9. Let j(o) = -o**3 + 2*o**2 + o + 2. What are the prime factors of j(s)?
2
Suppose -3*a - 5*i = -17, -6 = 3*a - 2*i - 16. Suppose 0 = -3*k + a + 53. List the prime factors of k.
19
Let a(n) = n + 2. Let y be a(0). Let l = y + 3. Suppose 3*z - 1 = -2*u + 12, -43 = -l*u - 4*z. List the prime factors of u.
11
Let b(v) = 2*v**2 - 3*v**2 + 3 - 5*v - 1. Let m be (-1)/1*(9 + -4). List the prime factors of b(m).
2
Let x = 58 + -38. List the prime factors of x.
2, 5
Suppose 0*j = j, 3*g = -3*j + 6. Let s be 5/g*(-8)/(-4). Suppose 0 = -x + s + 4. What are the prime factors of x?
3
Let t = 12 - 16. Let w(v) be the first derivative of v**3/3 + v**2/2 - 4*v - 1. List the prime factors of w(t).
2
Let f = -3 + 7. Suppose -1 = f*q + 3. List the prime factors of 11 - (2/q + 0).
13
Suppose -5*a - 7 + 38 = -2*d, 2*d = 3*a - 17. Suppose 7 = q + 4. Suppose -q*f + a + 2 = 0. List the prime factors of f.
3
Let l be (-1)/1 - 122/(-2). Let b = l + -30. List the prime factors of b.
2, 3, 5
Let a be (-320)/12 - 3/9. Let t = a + 49. List the prime factors of t.
2, 11
Let j = 5 + -2. Suppose l + 11 = -0*l + 3*q, -2 = -j*l + 2*q. What are the prime factors of l?
2
Let i(r) = 3*r + 2. Let l be 10/(-45) + 20/9. Suppose 14 = -4*j + j - 4*u, l*j = -u - 1. List the prime factors of i(j).
2
Suppose -1 = 3*h - 7. Suppose -18 = -4*j - 2*y, h*j - 7 - 22 = 3*y. Suppose 3*c = j + 5. List the prime factors of c.
2
Let m be 2 - (-2)/(0 - -1). Suppose -m*j = 7 - 23. What are the prime factors of 50/j + (-6)/(-12)?
13
Suppose 5*a = -4*u + 40, 2*u - 5*u + a + 11 = 0. Suppose -u*f - 16 = -66. What are the prime factors of f?
2, 5
Let l = -5 - -3. Let n be l/3*3*1. List the prime factors of 5 - (n/1 - 0).
7
Let f(s) = -s**2 + 7*s - 6. Let x be f(5). Suppose -4*h = -r - 55, 0 = -3*h + x*h - 2*r - 19. What are the prime factors of h?
13
Let z be 44/3*(-6)/(-4). Suppose -6*c + z = -4*c. What are the prime factors of c?
11
Let x(u) = u**2 - 3*u - 7. Let g be x(5). Let o be (-2)/(-6) - 118/(-6). Suppose 0 = 3*v - 6, -g*s - 2*v = -5 - o. List the prime factors of s.
7
Let i be (2/4)/((-2)/(-48)). Let z = i - -33. What are the prime factors of z?
3, 5
Let r = 7 - 13. Let w(g) = -g**3 - 6*g**2 - 2*g - 7. Let p be w(r). Suppose p = s - 10. List the prime factors of s.
3, 5
Suppose 3*d = -3*p + 108, p - d + 6*d = 48. What are the prime factors of p?
3, 11
Suppose -10*c + 6*c + 176 = 0. Let t = c - 24. List the prime factors of t.
2, 5
What are the prime factors of 3 - (-1620)/48*1*4?
2, 3, 23
Let q(x) = x**3 - 10 + 2*x - 2*x - 8*x**2 - 5*x. Let s be q(9). Suppose -2*a + 33 = 3*a - 3*m, -4*a + s = -2*m. List the prime factors of a.
2, 3
Let a = -6 + 6. Suppose 0 = 5*u - 4*r + 8*r - 41, a = 3*u + 3*r - 27. Suppose -u*q = -2*q - 33. List the prime factors of q.
11
Let c(o) = -o**3 - o**2 - 2*o. Let d be c(-2). Let j = -3 + d. List the prime factors of j.
5
Let z = -21 + 66. Let v = z - 25. List the prime factors of v.
2, 5
Let d(w) be the second derivative of w**4/6 + w**3/2 + w**2 - w. Let g be d(-2). Suppose -2*u = -g*u + 20. List the prime factors of u.
2, 5
Suppose n = -3*j + 15, -10 - 8 = -3*j - 2*n. List the prime factors of j.
2
Let c(z) = 3*z**3 + 5*z**2 + 4*z + 10. Let i(d) = -d**3 + d**2 - d. Let j(h) = -c(h) - 2*i(h). Let l be (1/(-3))/((-7)/(-147)). List the prime factors of j(l).
2
Let l = -17 - -26. What are the prime factors of l?
3
What are the prime factors of 4 - ((0 - 2) + -5)?
11
Suppose -1 = z - 2. Let y(q) = -q**2 + 4 - 7*q - z + 3. What are the prime factors of y(-6)?
2, 3
Let z = -16 + 54. What are the prime factors of z?
2, 19
Suppose -4*o - o = 15. Let n be ((-1)/(-2))/(o/(-24)). Let h = n + 1. What are the prime factors of h?
5
Suppose -5*g + 26 = -2*b - 0*b, -g - b + 8 = 0. Suppose -5*t + 101 = g. What are the prime factors of t?
19
Let x(q) = -q**2 + 11*q - 13. Let d be x(9). Suppose 0 = -3*s + 2*y + 6, -2*s - d*y = 3*s + 15. Suppose s = 4*h - 1 - 11. List the prime factors of h.
3
List the prime factors of (-21)/(-6) - 9/18.
3
Let o be 48/10 - 4/(-20). Suppose -124 = -o*p - 29. List the prime factors of p.
19
Suppose g = 2*g. Suppose g*y = -y - 12. Let q = y + 23. List the prime factors of q.
11
Let k = 0 + 5. Suppose k*j = 8 + 7. What are the prime factors of j?
3
Let x = 29 + 18. Let p = 11 + x. What are the prime factors of p/4 - 1/(-2)?
3, 5
Suppose -q - q - 1448 = 0. Let o be 2/(-8) + q/(-16). Suppose 3*h - 15 = o. List the prime factors of h.
2, 5
Let v be 4/(-1) + 3 - -24. Let i = -16 + v. List the prime factors of i.
7
Let t be 12*(-1)/((-12)/(-9)). Let u(b) = -8*b - 8. Let h be u(t). List the prime factors of 2/(-1) + h/4.
2, 7
Let q be 4 + -6 + (-536)/(-2). Suppose -5*x - 51 = -q. What are the prime factors of x?
43
Let z = -29 + 43. Let k be 2/7 - 4/z. Suppose k = -3*o - 2*a + 14, 0 = -2*o - 7*a + 2*a - 9. What are the prime factors of o?
2
Let m = 58 + -32. What are the prime factors of m?
2, 13
Let b(a) = 11*a - 5. List the prime factors of b(2).
17
Let x(s) = -6*s + 2*s**2 + 10*s + s**2. What are the prime factors of x(-3)?
3, 5
Let t = 141 + -60. Let w = t + -321. List the prime factors of 4/10 + w/(-25).
2, 5
Let f be (-38)/(-3) + (-1)/(-3). Let a = f - 8. Suppose -4*o = -a*o + 4. What are the prime factors of o?
2
Let k = 57 + -36. Let d be k/3 - (1 - -1). Let a = d - 3. What are the prime factors of a?
2
Suppose 14 - 2 = -3*w, 2*w = t - 18. Suppose 2*d - t = d. Suppose 3*n - 3 = 0, l - n = -6*n + d. What are the prime factors of l?
5
Let p(i) = i**2 - 6*i - 6. Let f(d) = -d**3 - 3*d**2 - 3*d - 2. Let b be f(-3). Let c be p(b). List the prime factors of 1/c + 3*4.
13
Let q = -20 - -12. Let d be 2/(-4) + (-4)/q. List the prime factors of d + 6 + (-2)/(-1).
2
Suppose -5*c - 1380 = -11*c. List the prime factors of c.
2, 5, 23
Suppose -38 = -4*q - 5*b - 1, 5*b - 34 = -3*q. Suppose -5 + 1 = 2*z, q*z + 10 = 2*c. What are the prime factors of c?
2
Suppose s + 2*c + 2 = 3*c, 5*c = -4*s + 37. Suppose -s*w = -27 - 24. List the prime factors of w.
17
Suppose 0*g = -g + 5. Let q be 928/20 + (-2)/g. Suppose 0 = 4*x + 2*k - q, -k + 2*k = -x + 13. What are the prime factors of x?
2, 5
Suppose 0 = -5*v + 5*n + 25, -4*n = v - 6*n - 1. What are the prime factors of v?
3
Let v(f) = -f**3 - 4*f**2 + 5*f - 1. Let q be v(-